{"id":32,"date":"2025-05-07T21:33:41","date_gmt":"2025-05-07T19:33:41","guid":{"rendered":"https:\/\/theoakia.com\/?page_id=32"},"modified":"2025-05-13T21:38:00","modified_gmt":"2025-05-13T19:38:00","slug":"home","status":"publish","type":"page","link":"https:\/\/theoakia.com\/","title":{"rendered":"Home"},"content":{"rendered":"<!-- Hero Section -->\n\n<div class=\"wp-block-cover alignfull is-layout-flow wp-block-cover-is-layout-flow\" style=\"margin-top:0px;padding-top:0px;padding-bottom:0px;min-height:60vh;aspect-ratio:unset;\">\n  <img decoding=\"async\" class=\"wp-block-cover__image-background\" alt=\"\" src=\"https:\/\/theoakia.com\/wp-content\/uploads\/2025\/05\/glowna-hero.png\" style=\"object-fit:contain;\" data-object-fit=\"contain\"\/>\n  <span aria-hidden=\"true\" class=\"wp-block-cover__background has-background-dim-0\"><\/span>\n  <div class=\"wp-block-cover__inner-container\">\n    <!-- Tu mo\u017cesz doda\u0107 nag\u0142\u00f3wek lub przycisk -->\n  <\/div>\n<\/div>\n\n\n\n\n<p><!-- Sekcja O nas --><\/p>\n<div class=\"wp-block-group alignwide\">\n<h2>O nas<\/h2>\n<p>Oakia to ma\u0142a stolarnia, w kt\u00f3rej projektujemy i tworzymy meble z d\u0119bu i jesionu. \u0141\u0105czymy naturalne materia\u0142y z nowoczesn\u0105 form\u0105. Nasze produkty powstaj\u0105 z pasji do drewna i rzemie\u015blniczej dok\u0142adno\u015bci.<\/p>\n<\/div>\n<p><!-- Sekcja Oferta --><\/p>\n<div class=\"wp-block-group alignwide\">\n<h2>Nasza oferta<\/h2>\n<div class=\"wp-block-columns\">\n<div class=\"wp-block-column\">\n<h3>Meble na zam\u00f3wienie<\/h3>\n<p>Projektujemy i wykonujemy sto\u0142y, \u0142awy, rega\u0142y oraz inne elementy na indywidualne zam\u00f3wienie.<\/p>\n<\/p>\n<\/div>\n<div class=\"wp-block-column\">\n<h3>Drewniane dodatki<\/h3>\n<p>Oferujemy stylowe dodatki \u2013 p\u00f3\u0142ki, podstawki, elementy dekoracyjne i u\u017cytkowe.<\/p>\n<\/p>\n<\/div>\n<div class=\"wp-block-column\">\n<h3>Projektowanie i doradztwo<\/h3>\n<p>Pomagamy dobra\u0107 form\u0119, materia\u0142 i rozwi\u0105zania do przestrzeni klienta.<\/p>\n<\/p>\n<\/div>\n<\/div>\n<\/div>\n<p><!-- Sekcja Galeria --><\/p>\n<div class=\"wp-block-group alignwide\">\n<h2>Galeria<\/h2>\n<figure class=\"wp-block-gallery has-nested-images columns-3 is-cropped\">\n<figure class=\"wp-block-image\"><img decoding=\"async\" src=\"[LINK1]\" alt=\"\"\/><\/figure>\n<figure class=\"wp-block-image\"><img decoding=\"async\" src=\"[LINK2]\" alt=\"\"\/><\/figure>\n<figure class=\"wp-block-image\"><img decoding=\"async\" src=\"[LINK3]\" alt=\"\"\/><\/figure>\n<\/figure>\n<div class=\"wp-block-buttons\">\n<div class=\"wp-block-button\"><a class=\"wp-block-button__link\" href=\"\/galeria\">Zobacz ca\u0142\u0105 galeri\u0119<\/a><\/div>\n<\/p>\n<\/div>\n<\/div>\n<p><!-- Sekcja Kontakt --><\/p>\n<div class=\"wp-block-group alignwide\">\n<h2>Kontakt<\/h2>\n<p>kontakt@theoakia.com<br \/>+48 000 000 000<\/p>\n<div class=\"wp-block-buttons\">\n<div class=\"wp-block-button\"><a class=\"wp-block-button__link\" href=\"\/kontakt\">Napisz do nas<\/a><\/div>\n<\/p>\n<\/div>\n<\/div>","protected":false},"excerpt":{"rendered":"<p>O nas Oakia to ma\u0142a stolarnia, w kt\u00f3rej projektujemy i tworzymy meble z d\u0119bu i jesionu. \u0141\u0105czymy naturalne materia\u0142y z nowoczesn\u0105 form\u0105. Nasze produkty powstaj\u0105 z pasji do drewna i rzemie\u015blniczej dok\u0142adno\u015bci. Nasza oferta Meble na zam\u00f3wienie Projektujemy i wykonujemy sto\u0142y, \u0142awy, rega\u0142y oraz inne elementy na indywidualne zam\u00f3wienie. Drewniane dodatki Oferujemy stylowe dodatki \u2013 [&hellip;]<\/p>\n","protected":false},"author":1,"featured_media":0,"parent":0,"menu_order":0,"comment_status":"closed","ping_status":"closed","template":"","meta":{"footnotes":""},"class_list":["post-32","page","type-page","status-publish","hentry"],"blocksy_meta":{"has_hero_section":"disabled","styles_descriptor":{"styles":{"desktop":"","tablet":"","mobile":""},"google_fonts":[],"version":6}},"_links":{"self":[{"href":"https:\/\/theoakia.com\/index.php?rest_route=\/wp\/v2\/pages\/32","targetHints":{"allow":["GET"]}}],"collection":[{"href":"https:\/\/theoakia.com\/index.php?rest_route=\/wp\/v2\/pages"}],"about":[{"href":"https:\/\/theoakia.com\/index.php?rest_route=\/wp\/v2\/types\/page"}],"author":[{"embeddable":true,"href":"https:\/\/theoakia.com\/index.php?rest_route=\/wp\/v2\/users\/1"}],"replies":[{"embeddable":true,"href":"https:\/\/theoakia.com\/index.php?rest_route=%2Fwp%2Fv2%2Fcomments&post=32"}],"version-history":[{"count":11,"href":"https:\/\/theoakia.com\/index.php?rest_route=\/wp\/v2\/pages\/32\/revisions"}],"predecessor-version":[{"id":99,"href":"https:\/\/theoakia.com\/index.php?rest_route=\/wp\/v2\/pages\/32\/revisions\/99"}],"wp:attachment":[{"href":"https:\/\/theoakia.com\/index.php?rest_route=%2Fwp%2Fv2%2Fmedia&parent=32"}],"curies":[{"name":"wp","href":"https:\/\/api.w.org\/{rel}","templated":true}]}}